?
3530a0a
In base 4, what is 110123 - -13322031?
20032220
In base 12, what is 87 + -30a56?
-3098b
In base 12, what is 5 + 477502?
477507
In base 5, what is -210012 + 123133?
-31324
In base 3, what is -2002000200211 - -20?
-2002000200121
In base 10, what is 72 + -5167502?
-5167430
In base 6, what is 23 - -24140510?
24140533
In base 16, what is -6 - 5b706f?
-5b7075
In base 2, what is -10100011011 - -110101?
-10011100110
In base 14, what is -4b97 + 7c4?
-43b3
In base 2, what is -111110101110001110110101 - 101?
-111110101110001110111010
In base 2, what is -100010 - 1100011111101110110000?
-1100011111101111010010
In base 8, what is 2 - -455047522?
455047524
In base 7, what is 150104 - -444?
150551
In base 8, what is -1101 - -24057?
22756
In base 13, what is 144a78 - 211?
144867
In base 10, what is -189258 + 68?
-189190
In base 15, what is 233 + 205e?
2292
In base 16, what is e4 - -6518?
65fc
In base 14, what is -4 + -2611c44?
-2611c48
In base 11, what is 5 + -8a88300a?
-8a883005
In base 5, what is 111310321 - 10?
111310311
In base 2, what is 1011100111010001101010010 - -10?
1011100111010001101010100
In base 15, what is 131 + 65c?
78d
In base 14, what is -2127 - -25d1?
4a8
In base 6, what is -4101250 + 420?
-4100430
In base 11, what is 24a8205 - -86?
24a8290
In base 16, what is 64073f1 + 8?
64073f9
In base 4, what is 313113 - 13012221?
-12033102
In base 3, what is 0 - -100210112000?
100210112000
In base 13, what is -17a5 - 17755?
-1922a
In base 15, what is 7d811 - 2d?
7d7d3
In base 14, what is 143307 - 4a?
14329b
In base 4, what is -10201012 - 220023?
-11021101
In base 14, what is 2101 - -3a9d?
5ba0
In base 6, what is -30501 + -1245045?
-1315550
In base 7, what is -25 + -11042155?
-11042213
In base 12, what is 9353ab7 - 5?
9353ab2
In base 7, what is -1243 - 5221?
-6464
In base 6, what is -102350 - 20432?
-123222
In base 3, what is -12002200 + 10120121222?
10101112022
In base 7, what is -4 + -3066140165?
-3066140202
In base 10, what is -11822 + 1134?
-10688
In base 5, what is -3 + -10200433423?
-10200433431
In base 9, what is -1646430 - 0?
-1646430
In base 4, what is -131220 - -313213300?
313022020
In base 15, what is 20 + 8ec2c?
8ec4c
In base 15, what is -79892 + -3c?
-798ce
In base 4, what is 121122 + 2300230?
3022012
In base 13, what is 209 - -11c726?
11c932
In base 10, what is -250 - -54589?
54339
In base 12, what is -188683b + 10?
-188682b
In base 11, what is -118 - 539436?
-539553
In base 13, what is -13643691 - 2?
-13643693
In base 11, what is -102 + -158062?
-158164
In base 4, what is -1203211013111 - 3?
-1203211013120
In base 8, what is -5 - 22300020?
-22300025
In base 16, what is -4e - -383b?
37ed
In base 15, what is 22b + -160b26?
-1608ea
In base 2, what is -101 + -10001110110101011011001?
-10001110110101011011110
In base 9, what is 2 + -18180576?
-18180574
In base 14, what is 19d + 5336?
54d5
In base 13, what is 5 + 2720993?
2720998
In base 15, what is 769 - -361d6?
36950
In base 4, what is 1200301000 + 12?
1200301012
In base 13, what is 5 + -2aaca0?
-2aac98
In base 15, what is b - -a290a8?
a290b4
In base 12, what is 25 - 851a3?
-8517a
In base 6, what is -22 - 4543222342?
-4543222404
In base 3, what is 1012111211 + -200000?
1011211211
In base 5, what is -11 + 401324310?
401324244
In base 16, what is 22 + 3887a?
3889c
In base 11, what is 2639 + -133?
2506
In base 3, what is -2021012000 + 11201?
-2021000022
In base 2, what is -1010111110 + 101101000100101001?
101100111001101011
In base 9, what is -205604167 - 2?
-205604170
In base 13, what is 13a376 + -13?
13a363
In base 7, what is -1554406 + -50?
-1554456
In base 9, what is 188 + 180384?
180583
In base 11, what is -68987 - -126?
-68861
In base 14, what is -50b3a + -11?
-50b4b
In base 14, what is -25 - -144524?
1444dd
In base 8, what is 2547200347 + 3?
2547200352
In base 7, what is 3461 + 104500?
111261
In base 6, what is -112 + -420224?
-420340
In base 3, what is -11210021021020101 - -12?
-11210021021020012
In base 3, what is 1011222110011 - -21021?
1011222201102
In base 10, what is 4 - 13466581?
-13466577
In base 10, what is 700 + 15469?
16169
In base 5, what is 3224420 + -232401?
2442014
In base 13, what is -101c915 - -1?
-101c914
In base 9, what is -107 + 7585551?
7585443
In base 2, what is 111100011101001111101 + -111111?
111100011101000111110
In base 5, what is -14024 - -32211443?
32142414
In base 12, what is 56657 - -22?
56679
In base 3, what is 100202011002110011 - -10?
100202011002110021
In base 13, what is -544b2 + -1a9?
-5468b
In base 13, what is -56c7 + -310?
-5a07
In base 13, what is 1 + 8a9625c?
8a96260
In base 13, what is -a1c + -13249?
-13c68
In base 16, what is -2557 - af9a?
-d4f1
In base 6, what is 341 + -13250103?
-13245322
In base 4, what is 3 + 2210212100323?
2210212100332
In base 2, what is 100001 - -100111010101101110?
100111010110001111
In base 11, what is 148455 + -31?
148424
In base 7, what is 1245055 - 314?
1244441
In base 4, what is 132021311223 + -13?
132021311210
In base 14, what is -7 + -1d535a9?
-1d535b2
In base 14, what is 5 - -a3bdb8?
a3bdbd
In base 4, what is 22031322001 + 3?
22031322010
In base 12, what is -2152 - 571?
-2703
In base 3, what is 111001 - 212012112102?
-212012001101
In base 15, what is -3 - -733428a?
7334287
In base 10, what is 7736823 + -1?
7736822
In base 14, what is 3716 - 1da?
351a
In base 5, what is 103 + 1323304122?
1323304230
In base 13, what is 137c + 62c?
19ab
In base 13, what is 8 + -180213?
-180208
In base 14, what is 22 - 17a787?
-17a765
In base 12, what is a2580812 - 2?
a2580810
In base 2, what is 111000 + 100001101101011100010001?
100001101101011101001001
In base 13, what is -27a - 1516a?
-15417
In base 8, what is -625155425 + 13?
-625155412
In base 9, what is 27010 + -83?
26816
In base 12, what is -24 - -1067576?
1067552
In base 14, what is 55c3c53 + -5?
55c3c4c
In base 7, what is 4246235546 - -1?
4246235550
In base 11, what is 4 + -4070489?
-4070485
In base 2, what is 1011 - 1000001101100101111?
-1000001101100100100
In base 8, what is -1 + 146032721?
146032720
In base 7, what is -4314202 - -145?
-4314024
In base 15, what is -4d8 - -1ce7?
180e
In base 7, what is 2210 + 315612?
321122
In base 15, what is 2 - 58dd6?
-58dd4
In base 14, what is -496 + -7088?
-7540
In base 13, what is -1ab5b + -27bc?
-2064a
In base 5, what is 1341241041 + 3?
1341241044
In base 14, what is -27 - 16b9244?
-16b926b
In base 14, what is -b94 + 2cda?
2146
In base 7, what is -2505432 - 42?
-2505504
In base 13, what is -2514 + -131?
-2645
In base 10, what is -1400810 + -501?
-1401311
In base 12, what is 379 - -552496?
552853
In base 14, what is 5a + b1634?
b1690
In base 7, what is 1524 - 16114?
-14260
In base 11, what is 3a0 - 9215?
-8925
In base 16, what is 5 - c62fd3?
-c62fce
In base 11, what is -54a1 - 643?
-6034
In base 9, what is -486566 + 472?
-486084
In base 8, what is -52173517 - -55?
-52173442
In base 16, what is 21383 + -7a?
21309
In base 15, what is -13e22 + 1ba?
-13c57
In base 16, what is e18 + -c0?
d58
In base 5, what is -1 - -1001043044?
1001043043
In base 7, what is 1 + 1430333045?
1430333046
In base 13, what is -98587 - -6c?
-98518
In base 13, what is 1b307 - -49?
1b353
In base 9, what is -838322 - -3363?
-834848
In base 13, what is -386 + -7b0b?
-8194
In base 14, what is -a12c - -d85?
-9187
In base 5, what is 1442112 - -233?
1442400
In base 15, what is 127 + 2cb5c?
2cc84
In base 10, what is 479576 - 32?
479544
In base 5, what is -12042200403 - -1?
-12042200402
In base 8, what is -306 - -521217?
520711
In base 4, what is 11 + -1221122100212?
-1221122100201
In base 4, what is 113012111 - -2030?
113020201
In base 11, what is -19 + 531512?
5314a4
In base 12, what is 116 + -26562?
-26448
In base 10, what is -10056500 + 3?
-10056497
In base 12, what is -3 + -2983ab0?
-2983ab3
In base 12, what is -1120b761 - -5?
-1120b758
In base 3, what is 10220110202000 + 100?
10220110202100
In base 10, what is 259121 - 0?
259121
In base 15, what is 3b63e2e - 2?
3b63e2c
In base 3, what is -100102 + -20022002002?
-20022102111
In base 14, what is 4784 + 141?
48c5
In base 3, what is 10221002 + 11001111?
21222120
In base 7, what is 5 + 462446124?
462446132
In base 8, what is -264364 + 7524?
-254640
In base 16, what is 1 - 352f9c?
-352f9b
In base 6, what is -51